ose -25 = d - 2*f + 6*f, 0 = -2*d - 3*f - 30. Let o(b) = -2*b - 5. What is the units digit of o(d)?
3
Suppose 1 = 5*o - 6*o. What is the units digit of (o - -2)/(3/18)?
6
Suppose -79 = -2*t + 597. What is the units digit of t?
8
Let l(b) = b**2 - 7*b - 1. Let a be l(6). Let f = 20 + -34. Let i = a - f. What is the units digit of i?
7
Suppose 4*c - 75 = -2*z + 3*z, 5*z + 33 = c. What is the tens digit of c?
1
Let k(d) = 12*d. Let n be k(1). Suppose -o + 5*f + 55 - 3 = 0, -2*f - 10 = 0. What is the units digit of (o/n)/((-3)/(-8))?
6
Let j be (-95)/20 - (-2)/(-8). Let x(v) = -v + 2. What is the units digit of x(j)?
7
Let g(a) = 7*a**3 + 3*a**2 - 1. What is the units digit of g(2)?
7
Suppose -o = 5, -5*m + 45 = -o + 2*o. What is the tens digit of 2/(-14)*m*-7?
1
Suppose -i + 0*i + 150 = 4*d, 0 = 2*i + d - 286. What is the units digit of i?
2
Suppose 2*y = 6*y - 16. Suppose y*l = 25 + 15. Let i = -9 + l. What is the units digit of i?
1
Suppose -2*u + 14 = -0*u. Suppose 1 + u = 4*w. What is the units digit of w?
2
Suppose r + 0*r = 2. Suppose -r*u - 12 = -3*u. What is the tens digit of u?
1
Suppose 5*j + 26 = n, -n - j = 4*n - 26. Let r(a) = a**2 - 7*a + 5. Let l be r(7). Suppose n = 2*d - k + 3*k, k = l*d - 3. What is the units digit of d?
1
Let m = -5 - -9. Suppose -16 = -m*z - 0. Suppose 0 = -2*p + z*p - 16. What is the units digit of p?
8
Let s(w) = -w**3 + 7*w**2 - 6*w + 2. Let h be s(6). What is the units digit of 3 - (-23)/2*h?
6
Let o(n) = -n**3 - 8*n**2 + 13*n - 5. What is the units digit of o(-10)?
5
Suppose 3*t - 7*t + 44 = 0. What is the tens digit of t?
1
Let a = 58 - 73. Let y = 14 + -20. Let f = y - a. What is the units digit of f?
9
Suppose -2*b + 0*b = -38. What is the units digit of b?
9
Let n = -2 + 1. Let h be (-2 + 1)*(n - -1). Suppose 0*s + 4*s - 48 = h. What is the tens digit of s?
1
Let f(v) = -15*v - 7. What is the units digit of f(-4)?
3
Let k = 12 - 2. Let d be 8/6*(k + -1). Suppose 0 - d = -3*r. What is the units digit of r?
4
Suppose 8*k = 2*k + 522. What is the units digit of k?
7
Suppose 2*o = -4*q - 28, -2*o = -5*q + 2*o - 22. What is the units digit of q/(36/(-15) - -2)?
5
Suppose 2 + 3 = f. Let g = f + 0. Suppose -5*q = 3*c + 2, -g*c = -q - 21 - 13. What is the units digit of c?
6
Suppose 7*x - 4*x - 159 = 0. What is the units digit of x?
3
Suppose h - 19 = 4*s, -2*h + 6*h - 4*s = 88. What is the units digit of h?
3
Let s(f) be the second derivative of f**3/6 + 3*f**2/2 - 3*f. Let g be s(-6). Let y = 9 + g. What is the units digit of y?
6
Suppose 0 = -4*l - 4 - 4. What is the tens digit of 22/(l - (0 + -4))?
1
Let t = -48 + 8. What is the units digit of (-2)/(-10) + (-32)/t?
1
Let i(w) = -w**3 + 9*w**2 - 5*w - 8. Suppose -3*x + 4*f + 40 = 0, 3*x + 7*f = 2*f + 4. Let k be i(x). Let v = k - 10. What is the units digit of v?
6
Let r(l) = 4*l**3 + 6*l**2 + 6*l - 1. Let z(h) = -3*h**3 - 6*h**2 - 6*h + 2. Let i(t) = -4*r(t) - 5*z(t). What is the units digit of i(6)?
0
Let q(d) = -d**3 + 4*d**2 - 2*d + 5. Let s be q(4). Let f = -1 + s. What is the units digit of 2/8 + (-3)/f?
1
Let k(f) = f**3 - 9*f**2 + 7*f + 6. Suppose 3*u = 5*l + 34, -4*l + 32 = u + 4*u. Let q be k(u). What is the units digit of 0 + q/(0 + -2)?
1
Let t be (-3)/(-2)*(-52)/(-3). Let o = 47 - t. Let d = o - 2. What is the units digit of d?
9
Suppose -u - 13 + 47 = 0. What is the tens digit of u?
3
Let n = 132 - 69. What is the tens digit of n?
6
Suppose 0*k + 2*k - 2 = 0. Suppose 2*g = k + 3. What is the units digit of g?
2
Let v = -20 + 25. What is the units digit of v?
5
Let z(x) = x. Let f(h) = -20*h**2 - 2*h. Let t(m) = -f(m) - 3*z(m). What is the units digit of t(-1)?
1
What is the tens digit of 4/3*(-1218)/(-28)?
5
Let m(d) = d**3 + 7*d**2 + 3*d + 3. Let j be m(-5). Suppose -j = -2*n - 0*n. Suppose n = 3*v + 1. What is the units digit of v?
6
Let i(u) be the third derivative of -u**5/60 + 3*u**4/8 - 4*u**3/3 + 2*u**2. What is the units digit of i(7)?
6
Let w = 6 - 6. Suppose 0*s - s + 24 = w. What is the units digit of s?
4
Suppose -4*m - p + 46 + 2 = 0, -2*m - p = -24. What is the tens digit of m?
1
Suppose m - 21 = -6. Let r = -9 + m. What is the units digit of r?
6
Let v = -8 - -12. Suppose -v*q + 3 = -i, 0 = i - 2*i - q + 2. What is the units digit of i?
1
Let r(u) = 5*u + 6. What is the units digit of r(4)?
6
What is the hundreds digit of 1724/10 + (-18)/45?
1
Let k = 18 - 26. Let c(l) = -l - 8. Let i be c(k). What is the units digit of i + (-2 - 3*-1)?
1
Let h(s) = -2*s**2 - 5*s - 8. Let x(y) = -y**2 + y + 1. Let l(w) = -h(w) + 3*x(w). What is the units digit of l(9)?
2
Suppose -60 = -0*m - 4*m. What is the tens digit of m?
1
Suppose -4 + 0 = 2*q. Let u be 2*(-1 - 5/q). What is the units digit of (-120)/8*(-2)/u?
0
Let j be 2/5 - (-8)/(-20). Suppose -3*i + i + 22 = j. What is the units digit of i?
1
Suppose -5*z + 0*z + 20 = -4*j, 5*z = 3*j + 15. Suppose -5*t + 0*t - 3*y + 25 = z, -2*y = t - 5. What is the units digit of t?
5
Let x = -4 - -6. Suppose q = -x*s, -q + 3*s = -3*q + 2. Suppose 6*i - 3*i + 8 = 4*h, 3*h - 31 = -q*i. What is the units digit of h?
5
Suppose 0 = -3*u - 2*u. Suppose -9*v + 13*v - 64 = u. What is the units digit of v?
6
Suppose -5*v = -3*t - 164, 4*v - 2*t + 4*t - 140 = 0. What is the units digit of v?
4
Let s(k) = -k**2 + 14*k + 10. What is the units digit of s(12)?
4
Let c be -5*(2 - 15)*1. Suppose -g + 17 = 5*q - 52, 0 = -5*q - 5*g + c. What is the units digit of q?
4
Let v(r) = -6*r + 3. Let h(d) = -d. Let j(l) = 5*h(l) - v(l). Suppose -4*s = -8 - 12. What is the units digit of j(s)?
2
Suppose -23 = -3*z + 3*f - 5, 3*z + 6 = -5*f. Suppose -n + 42 = -5*m, 0 = -0*n - z*n + 4*m + 71. What is the units digit of n?
7
Let g = 318 - 117. What is the units digit of g?
1
Let r(c) = -2*c**3 + c**2 + c. Let u be r(-1). Suppose 3*b = 3*y + 9, -u*y = b - 7*y + 17. What is the units digit of b?
8
Let d = 16 + 5. Suppose -24 = 5*j - 99. Suppose j + d = 4*m. What is the units digit of m?
9
Suppose 0 = -2*o + 34 + 6. Suppose l + 8 - o = 0. What is the units digit of l?
2
Let a = 12 - 5. Suppose -o - a = -9. What is the units digit of o?
2
Let m(i) = 54*i + 4. Let d be m(3). Suppose 3*z + d = 5*q + 37, 4*q = 2*z + 102. What is the units digit of q?
4
Let y(t) = t**3 + 5*t**2 - 7*t + 8. Suppose -l + 3 = 0, -3*r + 4*l - l - 60 = 0. Let s = r - -11. What is the units digit of y(s)?
4
Let j(p) = -p**2 - 4*p - 4. Let y be j(-4). Let k be y/(-10) + 716/10. What is the units digit of (k/20)/((-2)/(-10))?
8
Let g be (40/(-24))/(2/6). Let t(f) = f**2 + 9*f + 4. Let o be t(g). What is the tens digit of (76/o)/((-1)/4)?
1
Let s = 16 - -16. What is the units digit of s?
2
Let a(f) = f**3 + 5*f**2 + f + 4. What is the tens digit of a(-4)?
1
Let c = -1 + 21. What is the units digit of c?
0
Let y(k) = 2*k**3 - k**2 - 5. What is the hundreds digit of y(4)?
1
Let d be -1*1/1*-9. Let q(v) = -v**3 + 8*v**2 + 10*v + 1. What is the units digit of q(d)?
0
Let z = -42 - -107. Suppose 5*p + 5*o = z, p + o - 13 = -o. What is the units digit of p?
3
Suppose 0 = -4*d - 2*i + i + 302, 0 = -3*d - 5*i + 235. What is the tens digit of d?
7
Suppose -3*t + 28 = 2*u, -5*u = 5*t - t - 42. Let p(y) = 3*y - 4. What is the tens digit of p(t)?
2
Suppose 0 = 2*j + 2*b - 24, 4*b - 25 = -5*j + 31. What is the units digit of j?
8
Suppose 2*i - 26 = 2. Suppose 2*r - 90 + i = 0. What is the units digit of r?
8
Let k = -10 - -6. Let z be (3 + k)*(2 - 66). Suppose -4*i + z = -0*i. What is the units digit of i?
6
Let d = 8 + -4. Let v(j) = j**3 + 6*j**2 - 7*j + 4. Let z be v(-7). Suppose z*p - 24 = -4*q + 48, d*q = 5*p + 81. What is the units digit of q?
9
Let p(f) = -7 - f - 4*f + f. Suppose -4*n = -5*t - 38, 3*t - 3*n - n + 26 = 0. What is the tens digit of p(t)?
1
Suppose 0 = -5*q + 50. Suppose -3*v + 14 + q = 0. What is the units digit of v?
8
Suppose -5*t = -t - 8, 0 = 5*n + t - 972. What is the hundreds digit of n?
1
Suppose 5*y + m - 29 = 81, 4*m + 89 = 3*y. Suppose -2*f + f + a = -8, f + 2*a = y. What is the units digit of f?
3
Let t be (-2)/2*(-2)/2. Let k = -20 - t. Let n = k + 33. What is the units digit of n?
2
Let d be (-11 + 15)*(-1 + 16). Suppose 0*b + p - 9 = -b, -2*b + 5*p = -11. Suppose 0 = 3*q - b*q + d. What is the units digit of q?
2
Let z = 3 + -4. Let c =